{"id":171,"date":"2022-01-23T19:23:49","date_gmt":"2022-01-23T19:23:49","guid":{"rendered":"https:\/\/helluland-guesthouse.is\/?page_id=171"},"modified":"2026-02-03T11:04:21","modified_gmt":"2026-02-03T11:04:21","slug":"live","status":"publish","type":"page","link":"https:\/\/helluland.is\/?page_id=171","title":{"rendered":"Live"},"content":{"rendered":"<p>Helluland Guesthouse means\u00a0 cozy rooms and a spacious commonly shared area. Most of our rooms are upstairs and you&#8217;ll find here as well 2 bathrooms.<\/p>\n<p>On the basement there is the kitchen, a living room in retro design and a large dining room. The kitchen is equipped with everything you need. There is a microwave and 2 ovens, too.<\/p>\n<p>In the living room you&#8217;ll find some information about the region, as well as books or bord games.<\/p>\n<p>Free Wifi is provided all over the house.<\/p>\n<p>Helluland is is situated 6km far from Sau\u00f0\u00e1rkr\u00f3kur, a wonderful little town which provides everything you need. E.g. you can find there a legendary bakery, supermarkets, several museums, a swimming pool and of course a tourist information.<\/p>\n<p>Having a car is nearly mandatory, if you plan to visit us. Of course we would pick you up from the local bus station as well , but as there are so many things to do in our region, you will only be able to enjoy these things by having your car with you.<\/p>\n<div id='gallery-1' class='gallery galleryid-171 gallery-columns-4 gallery-size-thumbnail'><figure class='gallery-item'>\n\t\t\t<div class='gallery-icon portrait'>\n\t\t\t\t<a href='https:\/\/helluland.is\/wp-content\/uploads\/2024\/08\/20220818_165519-scaled.jpg'><img loading=\"lazy\" decoding=\"async\" width=\"150\" height=\"150\" src=\"https:\/\/helluland.is\/wp-content\/uploads\/2024\/08\/20220818_165519-150x150.jpg\" class=\"attachment-thumbnail size-thumbnail\" alt=\"\" srcset=\"https:\/\/helluland.is\/wp-content\/uploads\/2024\/08\/20220818_165519-150x150.jpg 150w, https:\/\/helluland.is\/wp-content\/uploads\/2024\/08\/20220818_165519-300x300.jpg 300w, https:\/\/helluland.is\/wp-content\/uploads\/2024\/08\/20220818_165519-75x75.jpg 75w\" sizes=\"auto, (max-width: 150px) 100vw, 150px\" \/><\/a>\n\t\t\t<\/div><\/figure><figure class='gallery-item'>\n\t\t\t<div class='gallery-icon landscape'>\n\t\t\t\t<a href='https:\/\/helluland.is\/wp-content\/uploads\/2024\/08\/iGUVhV7R5Cvv7GU7j1q\ufffdg-1-scaled.jpg'><img loading=\"lazy\" decoding=\"async\" width=\"150\" height=\"150\" src=\"https:\/\/helluland.is\/wp-content\/uploads\/2024\/08\/iGUVhV7R5Cvv7GU7j1q\ufffdg-1-150x150.jpg\" class=\"attachment-thumbnail size-thumbnail\" alt=\"\" srcset=\"https:\/\/helluland.is\/wp-content\/uploads\/2024\/08\/iGUVhV7R5Cvv7GU7j1q\ufffdg-1-150x150.jpg 150w, https:\/\/helluland.is\/wp-content\/uploads\/2024\/08\/iGUVhV7R5Cvv7GU7j1q\ufffdg-1-300x300.jpg 300w, https:\/\/helluland.is\/wp-content\/uploads\/2024\/08\/iGUVhV7R5Cvv7GU7j1q\ufffdg-1-75x75.jpg 75w\" sizes=\"auto, (max-width: 150px) 100vw, 150px\" \/><\/a>\n\t\t\t<\/div><\/figure><figure class='gallery-item'>\n\t\t\t<div class='gallery-icon portrait'>\n\t\t\t\t<a href='https:\/\/helluland.is\/wp-content\/uploads\/2024\/08\/8QgYOi7STkCKHpLvBKUndQ-scaled.jpg'><img loading=\"lazy\" decoding=\"async\" width=\"150\" height=\"150\" src=\"https:\/\/helluland.is\/wp-content\/uploads\/2024\/08\/8QgYOi7STkCKHpLvBKUndQ-150x150.jpg\" class=\"attachment-thumbnail size-thumbnail\" alt=\"\" srcset=\"https:\/\/helluland.is\/wp-content\/uploads\/2024\/08\/8QgYOi7STkCKHpLvBKUndQ-150x150.jpg 150w, https:\/\/helluland.is\/wp-content\/uploads\/2024\/08\/8QgYOi7STkCKHpLvBKUndQ-300x300.jpg 300w, https:\/\/helluland.is\/wp-content\/uploads\/2024\/08\/8QgYOi7STkCKHpLvBKUndQ-75x75.jpg 75w\" sizes=\"auto, (max-width: 150px) 100vw, 150px\" \/><\/a>\n\t\t\t<\/div><\/figure><figure class='gallery-item'>\n\t\t\t<div class='gallery-icon portrait'>\n\t\t\t\t<a href='https:\/\/helluland.is\/wp-content\/uploads\/2024\/08\/8chH1n7fRESHqp688TL6HA-scaled.jpg'><img loading=\"lazy\" decoding=\"async\" width=\"150\" height=\"150\" src=\"https:\/\/helluland.is\/wp-content\/uploads\/2024\/08\/8chH1n7fRESHqp688TL6HA-150x150.jpg\" class=\"attachment-thumbnail size-thumbnail\" alt=\"\" srcset=\"https:\/\/helluland.is\/wp-content\/uploads\/2024\/08\/8chH1n7fRESHqp688TL6HA-150x150.jpg 150w, https:\/\/helluland.is\/wp-content\/uploads\/2024\/08\/8chH1n7fRESHqp688TL6HA-300x300.jpg 300w, https:\/\/helluland.is\/wp-content\/uploads\/2024\/08\/8chH1n7fRESHqp688TL6HA-75x75.jpg 75w\" sizes=\"auto, (max-width: 150px) 100vw, 150px\" \/><\/a>\n\t\t\t<\/div><\/figure><figure class='gallery-item'>\n\t\t\t<div class='gallery-icon portrait'>\n\t\t\t\t<a href='https:\/\/helluland.is\/wp-content\/uploads\/2024\/08\/fJ8yqG8PSrGK1\ufffd3hsNrFaQ-scaled.jpg'><img loading=\"lazy\" decoding=\"async\" width=\"150\" height=\"150\" src=\"https:\/\/helluland.is\/wp-content\/uploads\/2024\/08\/fJ8yqG8PSrGK1\ufffd3hsNrFaQ-150x150.jpg\" class=\"attachment-thumbnail size-thumbnail\" alt=\"\" srcset=\"https:\/\/helluland.is\/wp-content\/uploads\/2024\/08\/fJ8yqG8PSrGK1\ufffd3hsNrFaQ-150x150.jpg 150w, https:\/\/helluland.is\/wp-content\/uploads\/2024\/08\/fJ8yqG8PSrGK1\ufffd3hsNrFaQ-300x300.jpg 300w, https:\/\/helluland.is\/wp-content\/uploads\/2024\/08\/fJ8yqG8PSrGK1\ufffd3hsNrFaQ-75x75.jpg 75w\" sizes=\"auto, (max-width: 150px) 100vw, 150px\" \/><\/a>\n\t\t\t<\/div><\/figure><figure class='gallery-item'>\n\t\t\t<div class='gallery-icon portrait'>\n\t\t\t\t<a href='https:\/\/helluland.is\/wp-content\/uploads\/2024\/08\/0bONQUn7RlulfsokAWtNhA-1-scaled.jpg'><img loading=\"lazy\" decoding=\"async\" width=\"150\" height=\"150\" src=\"https:\/\/helluland.is\/wp-content\/uploads\/2024\/08\/0bONQUn7RlulfsokAWtNhA-1-150x150.jpg\" class=\"attachment-thumbnail size-thumbnail\" alt=\"\" srcset=\"https:\/\/helluland.is\/wp-content\/uploads\/2024\/08\/0bONQUn7RlulfsokAWtNhA-1-150x150.jpg 150w, https:\/\/helluland.is\/wp-content\/uploads\/2024\/08\/0bONQUn7RlulfsokAWtNhA-1-300x300.jpg 300w, https:\/\/helluland.is\/wp-content\/uploads\/2024\/08\/0bONQUn7RlulfsokAWtNhA-1-75x75.jpg 75w\" sizes=\"auto, (max-width: 150px) 100vw, 150px\" \/><\/a>\n\t\t\t<\/div><\/figure><figure class='gallery-item'>\n\t\t\t<div class='gallery-icon portrait'>\n\t\t\t\t<a href='https:\/\/helluland.is\/wp-content\/uploads\/2024\/08\/17035-scaled.jpeg'><img loading=\"lazy\" decoding=\"async\" width=\"150\" height=\"150\" src=\"https:\/\/helluland.is\/wp-content\/uploads\/2024\/08\/17035-150x150.jpeg\" class=\"attachment-thumbnail size-thumbnail\" alt=\"\" srcset=\"https:\/\/helluland.is\/wp-content\/uploads\/2024\/08\/17035-150x150.jpeg 150w, https:\/\/helluland.is\/wp-content\/uploads\/2024\/08\/17035-300x300.jpeg 300w, https:\/\/helluland.is\/wp-content\/uploads\/2024\/08\/17035-75x75.jpeg 75w\" sizes=\"auto, (max-width: 150px) 100vw, 150px\" \/><\/a>\n\t\t\t<\/div><\/figure><figure class='gallery-item'>\n\t\t\t<div class='gallery-icon portrait'>\n\t\t\t\t<a href='https:\/\/helluland.is\/wp-content\/uploads\/2024\/08\/DSC01277-scaled.jpg'><img loading=\"lazy\" decoding=\"async\" width=\"150\" height=\"150\" src=\"https:\/\/helluland.is\/wp-content\/uploads\/2024\/08\/DSC01277-150x150.jpg\" class=\"attachment-thumbnail size-thumbnail\" alt=\"\" srcset=\"https:\/\/helluland.is\/wp-content\/uploads\/2024\/08\/DSC01277-150x150.jpg 150w, https:\/\/helluland.is\/wp-content\/uploads\/2024\/08\/DSC01277-300x300.jpg 300w, https:\/\/helluland.is\/wp-content\/uploads\/2024\/08\/DSC01277-75x75.jpg 75w\" sizes=\"auto, (max-width: 150px) 100vw, 150px\" \/><\/a>\n\t\t\t<\/div><\/figure><figure class='gallery-item'>\n\t\t\t<div class='gallery-icon landscape'>\n\t\t\t\t<a href='https:\/\/helluland.is\/wp-content\/uploads\/2024\/08\/DSC01296-scaled.jpg'><img loading=\"lazy\" decoding=\"async\" width=\"150\" height=\"150\" src=\"https:\/\/helluland.is\/wp-content\/uploads\/2024\/08\/DSC01296-150x150.jpg\" class=\"attachment-thumbnail size-thumbnail\" alt=\"\" srcset=\"https:\/\/helluland.is\/wp-content\/uploads\/2024\/08\/DSC01296-150x150.jpg 150w, https:\/\/helluland.is\/wp-content\/uploads\/2024\/08\/DSC01296-300x300.jpg 300w, https:\/\/helluland.is\/wp-content\/uploads\/2024\/08\/DSC01296-75x75.jpg 75w\" sizes=\"auto, (max-width: 150px) 100vw, 150px\" \/><\/a>\n\t\t\t<\/div><\/figure><figure class='gallery-item'>\n\t\t\t<div class='gallery-icon portrait'>\n\t\t\t\t<a href='https:\/\/helluland.is\/wp-content\/uploads\/2024\/08\/20220808_182344-scaled.jpg'><img loading=\"lazy\" decoding=\"async\" width=\"150\" height=\"150\" src=\"https:\/\/helluland.is\/wp-content\/uploads\/2024\/08\/20220808_182344-150x150.jpg\" class=\"attachment-thumbnail size-thumbnail\" alt=\"\" srcset=\"https:\/\/helluland.is\/wp-content\/uploads\/2024\/08\/20220808_182344-150x150.jpg 150w, https:\/\/helluland.is\/wp-content\/uploads\/2024\/08\/20220808_182344-300x300.jpg 300w, https:\/\/helluland.is\/wp-content\/uploads\/2024\/08\/20220808_182344-75x75.jpg 75w\" sizes=\"auto, (max-width: 150px) 100vw, 150px\" \/><\/a>\n\t\t\t<\/div><\/figure><figure class='gallery-item'>\n\t\t\t<div class='gallery-icon landscape'>\n\t\t\t\t<a href='https:\/\/helluland.is\/wp-content\/uploads\/2024\/08\/24844.jpeg'><img loading=\"lazy\" decoding=\"async\" width=\"150\" height=\"150\" src=\"https:\/\/helluland.is\/wp-content\/uploads\/2024\/08\/24844-150x150.jpeg\" class=\"attachment-thumbnail size-thumbnail\" alt=\"\" srcset=\"https:\/\/helluland.is\/wp-content\/uploads\/2024\/08\/24844-150x150.jpeg 150w, https:\/\/helluland.is\/wp-content\/uploads\/2024\/08\/24844-300x300.jpeg 300w, https:\/\/helluland.is\/wp-content\/uploads\/2024\/08\/24844-1024x1024.jpeg 1024w, https:\/\/helluland.is\/wp-content\/uploads\/2024\/08\/24844-768x768.jpeg 768w, https:\/\/helluland.is\/wp-content\/uploads\/2024\/08\/24844-1536x1536.jpeg 1536w, https:\/\/helluland.is\/wp-content\/uploads\/2024\/08\/24844-1140x1140.jpeg 1140w, https:\/\/helluland.is\/wp-content\/uploads\/2024\/08\/24844-75x75.jpeg 75w, https:\/\/helluland.is\/wp-content\/uploads\/2024\/08\/24844.jpeg 1817w\" sizes=\"auto, (max-width: 150px) 100vw, 150px\" \/><\/a>\n\t\t\t<\/div><\/figure><figure class='gallery-item'>\n\t\t\t<div class='gallery-icon landscape'>\n\t\t\t\t<a href='https:\/\/helluland.is\/wp-content\/uploads\/2024\/08\/20220301_095036-klein.jpeg'><img loading=\"lazy\" decoding=\"async\" width=\"150\" height=\"150\" src=\"https:\/\/helluland.is\/wp-content\/uploads\/2024\/08\/20220301_095036-klein-150x150.jpeg\" class=\"attachment-thumbnail size-thumbnail\" alt=\"\" srcset=\"https:\/\/helluland.is\/wp-content\/uploads\/2024\/08\/20220301_095036-klein-150x150.jpeg 150w, https:\/\/helluland.is\/wp-content\/uploads\/2024\/08\/20220301_095036-klein-300x300.jpeg 300w, https:\/\/helluland.is\/wp-content\/uploads\/2024\/08\/20220301_095036-klein-75x75.jpeg 75w\" sizes=\"auto, (max-width: 150px) 100vw, 150px\" \/><\/a>\n\t\t\t<\/div><\/figure>\n\t\t<\/div>\n\n","protected":false},"excerpt":{"rendered":"<p>Helluland Guesthouse means\u00a0 cozy rooms and a spacious commonly shared area. Most of our rooms are upstairs and you&#8217;ll find here as well 2 bathrooms. On the basement there is the kitchen, a living room in retro design and a large dining room. The kitchen is equipped with everything you need. There is a microwave and 2 ovens, too. In the living room you&#8217;ll find some information about the region, as well as books or bord games. Free Wifi is provided all over the house. Helluland is is situated 6km far from Sau\u00f0\u00e1rkr\u00f3kur, a wonderful little town which provides everything you need. E.g. you can find there a legendary bakery, supermarkets, several museums, a swimming pool and of course a tourist information. Having a car is nearly mandatory, if you plan to visit us. Of course we would pick you up from the local bus station as well , but as there are so many things to do in our region, you will only be able to enjoy these things by having your car with you.<\/p>\n","protected":false},"author":1,"featured_media":117,"parent":0,"menu_order":0,"comment_status":"closed","ping_status":"closed","template":"","meta":{"pgc_sgb_lightbox_settings":"","footnotes":""},"class_list":["post-171","page","type-page","status-publish","has-post-thumbnail","hentry"],"_links":{"self":[{"href":"https:\/\/helluland.is\/index.php?rest_route=\/wp\/v2\/pages\/171","targetHints":{"allow":["GET"]}}],"collection":[{"href":"https:\/\/helluland.is\/index.php?rest_route=\/wp\/v2\/pages"}],"about":[{"href":"https:\/\/helluland.is\/index.php?rest_route=\/wp\/v2\/types\/page"}],"author":[{"embeddable":true,"href":"https:\/\/helluland.is\/index.php?rest_route=\/wp\/v2\/users\/1"}],"replies":[{"embeddable":true,"href":"https:\/\/helluland.is\/index.php?rest_route=%2Fwp%2Fv2%2Fcomments&post=171"}],"version-history":[{"count":11,"href":"https:\/\/helluland.is\/index.php?rest_route=\/wp\/v2\/pages\/171\/revisions"}],"predecessor-version":[{"id":347,"href":"https:\/\/helluland.is\/index.php?rest_route=\/wp\/v2\/pages\/171\/revisions\/347"}],"wp:featuredmedia":[{"embeddable":true,"href":"https:\/\/helluland.is\/index.php?rest_route=\/wp\/v2\/media\/117"}],"wp:attachment":[{"href":"https:\/\/helluland.is\/index.php?rest_route=%2Fwp%2Fv2%2Fmedia&parent=171"}],"curies":[{"name":"wp","href":"https:\/\/api.w.org\/{rel}","templated":true}]}}