{"id":248,"date":"2022-02-06T18:42:52","date_gmt":"2022-02-06T18:42:52","guid":{"rendered":"https:\/\/helluland-guesthouse.is\/?page_id=248"},"modified":"2026-05-05T14:36:26","modified_gmt":"2026-05-05T14:36:26","slug":"reykjavik","status":"publish","type":"page","link":"https:\/\/helluland.is\/?page_id=248","title":{"rendered":"Reykjav\u00edk"},"content":{"rendered":"<p>Do you plan a stay in Reykjav\u00edk?<\/p>\n<p>We can offer you a cozy 1-bedroom apartment in a traditional icelandic house in central Reykjav\u00edk.<\/p>\n<p>It is very close to Laugavegur, the main shopping street and to beautiful Hallgr\u00edmskirkja.<\/p>\n<p>It offers space for up to 3 guests.<\/p>\n<p>The apartment is fully equipped and offers a washing machine with tumbler as well as\u00a0 a private parking. Price 36.000isk\/night, plus 10.000isk cleaning fee (guest tax, bed sheets and towels included).<\/p>\n<p>We offer discounts for weekly and monthly stays. Contact us via email.<\/p>\n<div class=\"wp-menu-arrow\"><\/div>\n<div class=\"wp-menu-name\">\n<div id='gallery-1' class='gallery galleryid-248 gallery-columns-4 gallery-size-thumbnail'><figure class='gallery-item'>\n\t\t\t<div class='gallery-icon landscape'>\n\t\t\t\t<a href='https:\/\/helluland.is\/wp-content\/uploads\/2024\/08\/Grettisgata-41-2.jpg'><img loading=\"lazy\" decoding=\"async\" width=\"150\" height=\"150\" src=\"https:\/\/helluland.is\/wp-content\/uploads\/2024\/08\/Grettisgata-41-2-150x150.jpg\" class=\"attachment-thumbnail size-thumbnail\" alt=\"\" srcset=\"https:\/\/helluland.is\/wp-content\/uploads\/2024\/08\/Grettisgata-41-2-150x150.jpg 150w, https:\/\/helluland.is\/wp-content\/uploads\/2024\/08\/Grettisgata-41-2-300x300.jpg 300w, https:\/\/helluland.is\/wp-content\/uploads\/2024\/08\/Grettisgata-41-2-75x75.jpg 75w\" sizes=\"auto, (max-width: 150px) 100vw, 150px\" \/><\/a>\n\t\t\t<\/div><\/figure><figure class='gallery-item'>\n\t\t\t<div class='gallery-icon portrait'>\n\t\t\t\t<a href='https:\/\/helluland.is\/wp-content\/uploads\/2026\/05\/IMG_3498-scaled.jpeg'><img loading=\"lazy\" decoding=\"async\" width=\"150\" height=\"150\" src=\"https:\/\/helluland.is\/wp-content\/uploads\/2026\/05\/IMG_3498-150x150.jpeg\" class=\"attachment-thumbnail size-thumbnail\" alt=\"\" srcset=\"https:\/\/helluland.is\/wp-content\/uploads\/2026\/05\/IMG_3498-150x150.jpeg 150w, https:\/\/helluland.is\/wp-content\/uploads\/2026\/05\/IMG_3498-300x300.jpeg 300w, https:\/\/helluland.is\/wp-content\/uploads\/2026\/05\/IMG_3498-75x75.jpeg 75w\" sizes=\"auto, (max-width: 150px) 100vw, 150px\" \/><\/a>\n\t\t\t<\/div><\/figure><figure class='gallery-item'>\n\t\t\t<div class='gallery-icon portrait'>\n\t\t\t\t<a href='https:\/\/helluland.is\/wp-content\/uploads\/2026\/05\/IMG_3503-scaled.jpeg'><img loading=\"lazy\" decoding=\"async\" width=\"150\" height=\"150\" src=\"https:\/\/helluland.is\/wp-content\/uploads\/2026\/05\/IMG_3503-150x150.jpeg\" class=\"attachment-thumbnail size-thumbnail\" alt=\"\" srcset=\"https:\/\/helluland.is\/wp-content\/uploads\/2026\/05\/IMG_3503-150x150.jpeg 150w, https:\/\/helluland.is\/wp-content\/uploads\/2026\/05\/IMG_3503-300x300.jpeg 300w, https:\/\/helluland.is\/wp-content\/uploads\/2026\/05\/IMG_3503-75x75.jpeg 75w\" sizes=\"auto, (max-width: 150px) 100vw, 150px\" \/><\/a>\n\t\t\t<\/div><\/figure><figure class='gallery-item'>\n\t\t\t<div class='gallery-icon landscape'>\n\t\t\t\t<a href='https:\/\/helluland.is\/wp-content\/uploads\/2026\/05\/Grettisgata_41-11-stretched.jpg'><img loading=\"lazy\" decoding=\"async\" width=\"150\" height=\"150\" src=\"https:\/\/helluland.is\/wp-content\/uploads\/2026\/05\/Grettisgata_41-11-stretched-150x150.jpg\" class=\"attachment-thumbnail size-thumbnail\" alt=\"\" srcset=\"https:\/\/helluland.is\/wp-content\/uploads\/2026\/05\/Grettisgata_41-11-stretched-150x150.jpg 150w, https:\/\/helluland.is\/wp-content\/uploads\/2026\/05\/Grettisgata_41-11-stretched-300x300.jpg 300w, https:\/\/helluland.is\/wp-content\/uploads\/2026\/05\/Grettisgata_41-11-stretched-75x75.jpg 75w\" sizes=\"auto, (max-width: 150px) 100vw, 150px\" \/><\/a>\n\t\t\t<\/div><\/figure><figure class='gallery-item'>\n\t\t\t<div class='gallery-icon landscape'>\n\t\t\t\t<a href='https:\/\/helluland.is\/wp-content\/uploads\/2022\/02\/Grettisgata_41-1.jpg'><img loading=\"lazy\" decoding=\"async\" width=\"150\" height=\"150\" src=\"https:\/\/helluland.is\/wp-content\/uploads\/2022\/02\/Grettisgata_41-1-150x150.jpg\" class=\"attachment-thumbnail size-thumbnail\" alt=\"\" srcset=\"https:\/\/helluland.is\/wp-content\/uploads\/2022\/02\/Grettisgata_41-1-150x150.jpg 150w, https:\/\/helluland.is\/wp-content\/uploads\/2022\/02\/Grettisgata_41-1-300x300.jpg 300w, https:\/\/helluland.is\/wp-content\/uploads\/2022\/02\/Grettisgata_41-1-75x75.jpg 75w\" sizes=\"auto, (max-width: 150px) 100vw, 150px\" \/><\/a>\n\t\t\t<\/div><\/figure><figure class='gallery-item'>\n\t\t\t<div class='gallery-icon landscape'>\n\t\t\t\t<a href='https:\/\/helluland.is\/wp-content\/uploads\/2022\/02\/Grettisgata_41-4.jpg'><img loading=\"lazy\" decoding=\"async\" width=\"150\" height=\"150\" src=\"https:\/\/helluland.is\/wp-content\/uploads\/2022\/02\/Grettisgata_41-4-150x150.jpg\" class=\"attachment-thumbnail size-thumbnail\" alt=\"\" srcset=\"https:\/\/helluland.is\/wp-content\/uploads\/2022\/02\/Grettisgata_41-4-150x150.jpg 150w, https:\/\/helluland.is\/wp-content\/uploads\/2022\/02\/Grettisgata_41-4-300x300.jpg 300w, https:\/\/helluland.is\/wp-content\/uploads\/2022\/02\/Grettisgata_41-4-75x75.jpg 75w\" sizes=\"auto, (max-width: 150px) 100vw, 150px\" \/><\/a>\n\t\t\t<\/div><\/figure><figure class='gallery-item'>\n\t\t\t<div class='gallery-icon portrait'>\n\t\t\t\t<a href='https:\/\/helluland.is\/wp-content\/uploads\/2022\/02\/PHOTO-2020-09-01-23-01-24-e1644172721643.jpg'><img loading=\"lazy\" decoding=\"async\" width=\"150\" height=\"150\" src=\"https:\/\/helluland.is\/wp-content\/uploads\/2022\/02\/PHOTO-2020-09-01-23-01-24-150x150.jpg\" class=\"attachment-thumbnail size-thumbnail\" alt=\"\" srcset=\"https:\/\/helluland.is\/wp-content\/uploads\/2022\/02\/PHOTO-2020-09-01-23-01-24-150x150.jpg 150w, https:\/\/helluland.is\/wp-content\/uploads\/2022\/02\/PHOTO-2020-09-01-23-01-24-300x300.jpg 300w, https:\/\/helluland.is\/wp-content\/uploads\/2022\/02\/PHOTO-2020-09-01-23-01-24-75x75.jpg 75w\" sizes=\"auto, (max-width: 150px) 100vw, 150px\" \/><\/a>\n\t\t\t<\/div><\/figure><figure class='gallery-item'>\n\t\t\t<div class='gallery-icon landscape'>\n\t\t\t\t<a href='https:\/\/helluland.is\/wp-content\/uploads\/2024\/08\/Grettisgata-41-6.jpg'><img loading=\"lazy\" decoding=\"async\" width=\"150\" height=\"150\" src=\"https:\/\/helluland.is\/wp-content\/uploads\/2024\/08\/Grettisgata-41-6-150x150.jpg\" class=\"attachment-thumbnail size-thumbnail\" alt=\"\" srcset=\"https:\/\/helluland.is\/wp-content\/uploads\/2024\/08\/Grettisgata-41-6-150x150.jpg 150w, https:\/\/helluland.is\/wp-content\/uploads\/2024\/08\/Grettisgata-41-6-300x300.jpg 300w, https:\/\/helluland.is\/wp-content\/uploads\/2024\/08\/Grettisgata-41-6-75x75.jpg 75w\" sizes=\"auto, (max-width: 150px) 100vw, 150px\" \/><\/a>\n\t\t\t<\/div><\/figure>\n\t\t<\/div>\n\n<\/div>\n<p>&nbsp;<\/p>\n","protected":false},"excerpt":{"rendered":"<p>Do you plan a stay in Reykjav\u00edk? We can offer you a cozy 1-bedroom apartment in a traditional icelandic house in central Reykjav\u00edk. It is very close to Laugavegur, the main shopping street and to beautiful Hallgr\u00edmskirkja. It offers space for up to 3 guests. The apartment is fully equipped and offers a washing machine with tumbler as well as\u00a0 a private parking. Price 36.000isk\/night, plus 10.000isk cleaning fee (guest tax, bed sheets and towels included). We offer discounts for weekly and monthly stays. Contact us via email. &nbsp;<\/p>\n","protected":false},"author":1,"featured_media":0,"parent":0,"menu_order":0,"comment_status":"closed","ping_status":"closed","template":"","meta":{"pgc_sgb_lightbox_settings":"","footnotes":""},"class_list":["post-248","page","type-page","status-publish","hentry"],"_links":{"self":[{"href":"https:\/\/helluland.is\/index.php?rest_route=\/wp\/v2\/pages\/248","targetHints":{"allow":["GET"]}}],"collection":[{"href":"https:\/\/helluland.is\/index.php?rest_route=\/wp\/v2\/pages"}],"about":[{"href":"https:\/\/helluland.is\/index.php?rest_route=\/wp\/v2\/types\/page"}],"author":[{"embeddable":true,"href":"https:\/\/helluland.is\/index.php?rest_route=\/wp\/v2\/users\/1"}],"replies":[{"embeddable":true,"href":"https:\/\/helluland.is\/index.php?rest_route=%2Fwp%2Fv2%2Fcomments&post=248"}],"version-history":[{"count":16,"href":"https:\/\/helluland.is\/index.php?rest_route=\/wp\/v2\/pages\/248\/revisions"}],"predecessor-version":[{"id":364,"href":"https:\/\/helluland.is\/index.php?rest_route=\/wp\/v2\/pages\/248\/revisions\/364"}],"wp:attachment":[{"href":"https:\/\/helluland.is\/index.php?rest_route=%2Fwp%2Fv2%2Fmedia&parent=248"}],"curies":[{"name":"wp","href":"https:\/\/api.w.org\/{rel}","templated":true}]}}